{"id":1249,"date":"2018-04-23T14:10:31","date_gmt":"2018-04-23T12:10:31","guid":{"rendered":"http:\/\/www.progeo-antichevarieta.it\/?page_id=1249"},"modified":"2018-07-07T19:20:02","modified_gmt":"2018-07-07T17:20:02","slug":"progetto-le-aziende","status":"publish","type":"page","link":"https:\/\/www.progeo-antichevarieta.it\/?page_id=1249","title":{"rendered":"Il progetto e le aziende"},"content":{"rendered":"<p>[vc_row][vc_column][vc_column_text]<\/p>\n<h2 style=\"text-align: left;\">Creazione di un modello sostenibile di best practices per la valorizzazione di variet\u00e0 antiche di frumento tenero nella Regione Emilia Romagna<\/h2>\n<p>&nbsp;<\/p>\n<p><strong>PARTNERS DI PROGETTO:<\/strong><\/p>\n<ul>\n<li><em>&#8211; PROGEO S.C.A.<\/em><br \/>\n<em>&#8211; UNIVERSITA\u2019 DI BOLOGNA DIPARTIMENTO DI SCIENZE E TECNOLOGIE AGROALIMENTARI<\/em><br \/>\n<em>&#8211; UNIVERSITA\u2019 DI PARMA DIPARTIMENTO DI SCIENZE DEGLI ALIMENTI<\/em><br \/>\n<em>&#8211; CO.NA.SE<\/em><br \/>\n<em>&#8211; AGRITES<\/em><br \/>\n<em>&#8211; FUTURA<\/em><\/li>\n<\/ul>\n<p><em>Az. Agr. Lanzotti Simona<\/em><br \/>\n<em> Az. Agr. Muzzarelli Remo e Belloi Anna mARIA<\/em><br \/>\n<em> Az. Agr. Lorenzi Luca<\/em><br \/>\n<em> Az. Agr. Fini Gian Luca<\/em><br \/>\n<em> Societ\u00e0 Agricola Borgo Maltidico di Riverzana<\/em><br \/>\n<em> Societa Agricola Persegona Carlo, Milena, Giuliano<\/em><br \/>\n<em> Az. Agr. Iris di Avanzini Umberto Davide Iris e Cecchi Carolina<\/em><br \/>\n<em> Az. Agr. PROGEO Sca, (sede operativa Granarolo (BO)<\/em><br \/>\n<em> Az. Agr. PROGEO Sca, (sede operativa Ganaceto (BO)<\/em><\/p>\n<p>&nbsp;<\/p>\n<table width=\"538\" cellspacing=\"0\" cellpadding=\"9\" bgcolor=\"#ffffff\">\n<colgroup>\n<col width=\"329\" \/>\n<col width=\"172\" \/> <\/colgroup>\n<tbody>\n<tr valign=\"top\">\n<td bgcolor=\"#c5e0b3\" width=\"329\">\n<p class=\"western\" align=\"justify\"><span style=\"color: #00000a;\"><span style=\"font-family: 'Times New Roman', serif;\"><b>Localizzazione Aziende Agricole<\/b><\/span><\/span><\/p>\n<\/td>\n<td bgcolor=\"#c5e0b3\" width=\"172\">\n<p class=\"western\" align=\"justify\"><span style=\"color: #00000a;\"><span style=\"font-family: 'Times New Roman', serif;\"><b>Comune interessato<\/b><\/span><\/span><\/p>\n<\/td>\n<\/tr>\n<tr>\n<td bgcolor=\"#ffffff\" width=\"329\">\n<p class=\"western\"><span style=\"color: #00000a;\"><span style=\"font-family: 'Times New Roman', serif;\">Az. Agr. Lanzotti Simona &#8211; Via della Comune, 1115 \u2013 41054 Marano sul Panaro (MO)<\/span><\/span><\/p>\n<\/td>\n<td bgcolor=\"#ffffff\" width=\"172\">\n<p class=\"western\"><span style=\"color: #00000a;\"><span style=\"font-family: 'Times New Roman', serif;\">Marano sul Panaro (MO)<\/span><\/span><\/p>\n<\/td>\n<\/tr>\n<tr>\n<td bgcolor=\"#ffffff\" width=\"329\">\n<p class=\"western\"><span style=\"color: #00000a;\"><span style=\"font-family: 'Times New Roman', serif;\">Az. Agr. Muzzarelli Remo e Belloi Anna\u00a0Maria &#8211;\u00a0<\/span><\/span><span style=\"color: #00000a;\"><span style=\"font-family: 'Times New Roman', serif;\"><i>Via Quercetolo, 2 \u2013 41026 Pavullo nel Frignano (MO)<\/i><\/span><\/span><\/p>\n<\/td>\n<td bgcolor=\"#ffffff\" width=\"172\">\n<p class=\"western\"><span style=\"color: #00000a;\"><span style=\"font-family: 'Times New Roman', serif;\">Pavullo nel Frignano (MO)<\/span><\/span><\/p>\n<\/td>\n<\/tr>\n<tr>\n<td bgcolor=\"#ffffff\" width=\"329\">\n<p class=\"western\"><span style=\"color: #00000a;\"><span style=\"font-family: 'Times New Roman', serif;\">Az. Agr. Lorenzi Luca &#8211;\u00a0<\/span><\/span><span style=\"color: #00000a;\"><span style=\"font-family: 'Times New Roman', serif;\"><i>Via\u00a0Papa\u00a0Giovanni\u00a0XXIII, 3906 (50) \u2013 41054 Marano sul Panaro (MO)<\/i><\/span><\/span><\/p>\n<\/td>\n<td bgcolor=\"#ffffff\" width=\"172\">\n<p class=\"western\"><span style=\"color: #00000a;\"><span style=\"font-family: 'Times New Roman', serif;\">Marano sul Panaro (MO)<\/span><\/span><\/p>\n<\/td>\n<\/tr>\n<tr>\n<td bgcolor=\"#ffffff\" width=\"329\">\n<p class=\"western\"><span style=\"color: #00000a;\"><span style=\"font-family: 'Times New Roman', serif;\">Az. Agr. Fini Gian Luca &#8211;\u00a0<\/span><\/span><span style=\"color: #00000a;\"><span style=\"font-family: 'Times New Roman', serif;\"><i>Via Maranello, 33 \u2013 41040 Polinago (MO)<\/i><\/span><\/span><\/p>\n<\/td>\n<td bgcolor=\"#ffffff\" width=\"172\">\n<p class=\"western\"><span style=\"color: #00000a;\"><span style=\"font-family: 'Times New Roman', serif;\">Polinago (MO)<\/span><\/span><\/p>\n<\/td>\n<\/tr>\n<tr>\n<td bgcolor=\"#ffffff\" width=\"329\">\n<p class=\"western\"><span style=\"color: #00000a;\"><span style=\"font-family: 'Times New Roman', serif;\">Societ\u00e0 Agricola Borgo Maltidico di Riverzana &#8211; Via Castelfidardo, 2 Cap 42123 Reggio Emilia (RE) <\/span><\/span><\/p>\n<\/td>\n<td bgcolor=\"#ffffff\" width=\"172\">\n<p class=\"western\"><span style=\"color: #00000a;\"><span style=\"font-family: 'Times New Roman', serif;\">Reggio Emilia (RE)<\/span><\/span><\/p>\n<\/td>\n<\/tr>\n<tr>\n<td bgcolor=\"#ffffff\" width=\"329\">\n<p class=\"western\"><span style=\"color: #00000a;\"><span style=\"font-family: 'Times New Roman', serif;\">Societa Agricola\u00a0\u00a0Persegona Carlo, Milena, Giuliano \u2013 Fraz. Pieve di Cusignano, 37 \u2013 43036 Fidenza (PR)<\/span><\/span><\/p>\n<\/td>\n<td bgcolor=\"#ffffff\" width=\"172\">\n<p class=\"western\"><span style=\"color: #00000a;\"><span style=\"font-family: 'Times New Roman', serif;\">Fidenza (PR)<\/span><\/span><\/p>\n<\/td>\n<\/tr>\n<tr>\n<td bgcolor=\"#ffffff\" width=\"329\">\n<p class=\"western\"><span style=\"color: #00000a;\"><span style=\"font-family: 'Times New Roman', serif;\">Az. Agr. Iris di Avanzini Umberto Davide Iris e Cecchi Carolina &#8211; Via Torchio, 12, 43037 Lesignano D\u00e8 Bagni (PR)<\/span><\/span><\/p>\n<\/td>\n<td bgcolor=\"#ffffff\" width=\"172\">\n<p class=\"western\"><span style=\"color: #00000a;\"><span style=\"font-family: 'Times New Roman', serif;\">Lesignano D\u00e8 Bagni (PR)<\/span><\/span><\/p>\n<\/td>\n<\/tr>\n<tr>\n<td bgcolor=\"#ffffff\" width=\"329\">\n<p class=\"western\"><span style=\"color: #00000a;\"><span style=\"font-family: 'Times New Roman', serif;\">Az. Agr. PROGEO\u00a0Sca<\/span><\/span><\/p>\n<\/td>\n<td bgcolor=\"#ffffff\" width=\"172\">\n<p class=\"western\"><span style=\"color: #00000a;\"><span style=\"font-family: 'Times New Roman', serif;\">Granarolo Emilia (BO)<\/span><\/span><\/p>\n<\/td>\n<\/tr>\n<tr>\n<td bgcolor=\"#ffffff\" width=\"329\">\n<p class=\"western\"><span style=\"color: #00000a;\"><span style=\"font-family: 'Times New Roman', serif;\">Az. Agr. PROGEO\u00a0Sca<\/span><\/span><\/p>\n<\/td>\n<td bgcolor=\"#ffffff\" width=\"172\">\n<p class=\"western\"><span style=\"color: #00000a;\"><span style=\"font-family: 'Times New Roman', serif;\">Ganaceto (MO)<\/span><\/span><\/p>\n<\/td>\n<\/tr>\n<\/tbody>\n<\/table>\n<p><strong>Obiettivi del progetto<\/strong><br \/>\nL\u2019obiettivo principale del progetto \u00e8 quello di realizzare una attivit\u00e0 sperimentale per impostare una filiera biologica di valorizzazione di frumenti teneri autoctoni e anticamente coltivati, principalmente attraverso attivit\u00e0 di sperimentazione finalizzate alla riduzione degli input chimici e anche attraverso la valutazione delle specifiche caratteristiche organolettiche e nutrizionali che conferiscono alle farine.<br \/>\nIl problema da affrontare \u00e8 quello, di conseguenza, di valorizzare la filiera principalmente attraverso la riduzione degli input.Il risultato del progetto \u00e8 quindi quello della creazione di un modello innovativo ad elevata sostenibilit\u00e0 ambientale per lo sviluppo e la valorizzazione di una filiera di frumenti teneri autoctoni e anticamente coltivati in produzione biologica, e coltivati anche con tecniche a bassi input (Cover Crop): i destinatari principali di questi risultati sono quindi i produttori agricoli, che potranno ottenere gli strumenti tecnici, ambientali ed economici per coltivare queste tipologie di frumenti.<\/p>\n<p>&nbsp;<\/p>\n<p><strong>Descrizione delle attivit\u00e0<\/strong><br \/>\nLe azioni riguardano una attivit\u00e0 di sperimentazione in campo, in coltivazione biologica, in modo da valutare la sostenibilit\u00e0 ambientale ed economica conseguente alla riduzione degli input, e individuare le caratteristiche agronomiche e nutrizionali pi\u00f9 idonee. Seguir\u00e0, la valutazione delle diverse farine ottenute, mediante prove di panificazione e panel test.<br \/>\nL\u2019attivit\u00e0 si completa con la realizzazione di innovazioni organizzative legate al confezionamento del prodotto finito (farina) e un articolato piano di divulgazione a livello territoriale, nazionale e internazionale.<\/p>\n<p>&nbsp;<\/p>\n<p>Nei primi due anni sono state realizzate le seguenti attivit\u00e0:<br \/>\na) l\u2019attivit\u00e0 di coordinamento, la raccolta di materiale informativo sull\u2019attivit\u00e0 di altri Gruppi Operativi, la realizzazione delle riunioni sulla prima e seconda annualit\u00e0 e la redazione dei verbali come indicato nel progetto;<br \/>\nb) sono stati realizzati i rilievi e le analisi chimiche e reologiche della prova parcellare relativa alla prima e seconda annualit\u00e0 e i parcelloni per la moltiplicazione del seme;<br \/>\nc) sono stati raccolti i risultati sulla sperimentazione relativa al mais, soia e terreno nudo lavorato con le Cover Crop in precessione, \u00e8 stata realizzata l\u2019analisi finale dei costi di produzione e sono state seminate successivamente alcune variet\u00e0 antiche con una variet\u00e0 moderna per confronto, nel periodo compreso tra Ottobre e Dicembre 2017;<br \/>\nd) sono state seminate e raccolte una variet\u00e0 antica e una moderna per confronto nelle aziende agricole e seminate nuovamente da ottobre a dicembre 2017;<br \/>\ne) \u00e8 stata realizzata una selezione di 4 tipologie di packaging nel primo anno e, nel secondo anno \u00e8 stato scelto il packaging pi\u00f9 idoneo come richiesto dal progetto;<br \/>\nf) \u00e8 stato realizzato l\u2019incontro tecnico di presentazione dell\u2019attivit\u00e0 e dei primi risultati; \u00e8 stata realizzata la scheda PEI sui risultati della prima seconda annualit\u00e0 e un report sulle attivit\u00e0 in ambito PEI AGRI, \u00e8 stata realizzata e sempre aggiornata la piattaforma web integrata con i Social Network realizzata nel primo anno visibile al link: http:\/\/progeo-antichevarieta.it\/ ed \u00e8 stata realizzata una Web App con i primi aggiornamenti;<br \/>\ng) sono state realizzate la prima e la seconda giornata formativa con i produttori agricoli (5 Ottobre 2016 e 27 aprile 2017).[\/vc_column_text][\/vc_column][\/vc_row]<\/p>\n","protected":false},"excerpt":{"rendered":"<p>[vc_row][vc_column][vc_column_text] Creazione di un modello sostenibile di best practices per la valorizzazione di variet\u00e0 antiche di frumento tenero nella Regione Emilia Romagna &nbsp; PARTNERS DI PROGETTO: &#8211; PROGEO S.C.A. &#8211; UNIVERSITA\u2019 DI BOLOGNA DIPARTIMENTO DI SCIENZE E TECNOLOGIE AGROALIMENTARI &#8211; UNIVERSITA\u2019 DI PARMA DIPARTIMENTO DI SCIENZE DEGLI ALIMENTI &#8211; CO.NA.SE &#8211; AGRITES &#8211; FUTURA Az.<\/p>\n","protected":false},"author":1,"featured_media":0,"parent":0,"menu_order":0,"comment_status":"closed","ping_status":"closed","template":"","meta":{"footnotes":""},"_links":{"self":[{"href":"https:\/\/www.progeo-antichevarieta.it\/index.php?rest_route=\/wp\/v2\/pages\/1249"}],"collection":[{"href":"https:\/\/www.progeo-antichevarieta.it\/index.php?rest_route=\/wp\/v2\/pages"}],"about":[{"href":"https:\/\/www.progeo-antichevarieta.it\/index.php?rest_route=\/wp\/v2\/types\/page"}],"author":[{"embeddable":true,"href":"https:\/\/www.progeo-antichevarieta.it\/index.php?rest_route=\/wp\/v2\/users\/1"}],"replies":[{"embeddable":true,"href":"https:\/\/www.progeo-antichevarieta.it\/index.php?rest_route=%2Fwp%2Fv2%2Fcomments&post=1249"}],"version-history":[{"count":5,"href":"https:\/\/www.progeo-antichevarieta.it\/index.php?rest_route=\/wp\/v2\/pages\/1249\/revisions"}],"predecessor-version":[{"id":1254,"href":"https:\/\/www.progeo-antichevarieta.it\/index.php?rest_route=\/wp\/v2\/pages\/1249\/revisions\/1254"}],"wp:attachment":[{"href":"https:\/\/www.progeo-antichevarieta.it\/index.php?rest_route=%2Fwp%2Fv2%2Fmedia&parent=1249"}],"curies":[{"name":"wp","href":"https:\/\/api.w.org\/{rel}","templated":true}]}}

<p>[vc_row][vc_column][vc_column_text]</p>
<h2 style="text-align: left;">Creazione di un modello sostenibile di best practices per la valorizzazione di varietà antiche di frumento tenero nella Regione Emilia Romagna</h2>
<p>&nbsp;</p>
<p><strong>PARTNERS DI PROGETTO:</strong></p>
<ul>
<li><em>&#8211; PROGEO S.C.A.</em><br />
<em>&#8211; UNIVERSITA’ DI BOLOGNA DIPARTIMENTO DI SCIENZE E TECNOLOGIE AGROALIMENTARI</em><br />
<em>&#8211; UNIVERSITA’ DI PARMA DIPARTIMENTO DI SCIENZE DEGLI ALIMENTI</em><br />
<em>&#8211; CO.NA.SE</em><br />
<em>&#8211; AGRITES</em><br />
<em>&#8211; FUTURA</em></li>
</ul>
<p><em>Az. Agr. Lanzotti Simona</em><br />
<em> Az. Agr. Muzzarelli Remo e Belloi Anna mARIA</em><br />
<em> Az. Agr. Lorenzi Luca</em><br />
<em> Az. Agr. Fini Gian Luca</em><br />
<em> Società Agricola Borgo Maltidico di Riverzana</em><br />
<em> Societa Agricola Persegona Carlo, Milena, Giuliano</em><br />
<em> Az. Agr. Iris di Avanzini Umberto Davide Iris e Cecchi Carolina</em><br />
<em> Az. Agr. PROGEO Sca, (sede operativa Granarolo (BO)</em><br />
<em> Az. Agr. PROGEO Sca, (sede operativa Ganaceto (BO)</em></p>
<p>&nbsp;</p>
<table width="538" cellspacing="0" cellpadding="9" bgcolor="#ffffff">
<colgroup>
<col width="329" />
<col width="172" /> </colgroup>
<tbody>
<tr valign="top">
<td bgcolor="#c5e0b3" width="329">
<p class="western" align="justify"><span style="color: #00000a;"><span style="font-family: 'Times New Roman', serif;"><b>Localizzazione Aziende Agricole</b></span></span></p>
</td>
<td bgcolor="#c5e0b3" width="172">
<p class="western" align="justify"><span style="color: #00000a;"><span style="font-family: 'Times New Roman', serif;"><b>Comune interessato</b></span></span></p>
</td>
</tr>
<tr>
<td bgcolor="#ffffff" width="329">
<p class="western"><span style="color: #00000a;"><span style="font-family: 'Times New Roman', serif;">Az. Agr. Lanzotti Simona &#8211; Via della Comune, 1115 – 41054 Marano sul Panaro (MO)</span></span></p>
</td>
<td bgcolor="#ffffff" width="172">
<p class="western"><span style="color: #00000a;"><span style="font-family: 'Times New Roman', serif;">Marano sul Panaro (MO)</span></span></p>
</td>
</tr>
<tr>
<td bgcolor="#ffffff" width="329">
<p class="western"><span style="color: #00000a;"><span style="font-family: 'Times New Roman', serif;">Az. Agr. Muzzarelli Remo e Belloi Anna Maria &#8211; </span></span><span style="color: #00000a;"><span style="font-family: 'Times New Roman', serif;"><i>Via Quercetolo, 2 – 41026 Pavullo nel Frignano (MO)</i></span></span></p>
</td>
<td bgcolor="#ffffff" width="172">
<p class="western"><span style="color: #00000a;"><span style="font-family: 'Times New Roman', serif;">Pavullo nel Frignano (MO)</span></span></p>
</td>
</tr>
<tr>
<td bgcolor="#ffffff" width="329">
<p class="western"><span style="color: #00000a;"><span style="font-family: 'Times New Roman', serif;">Az. Agr. Lorenzi Luca &#8211; </span></span><span style="color: #00000a;"><span style="font-family: 'Times New Roman', serif;"><i>Via Papa Giovanni XXIII, 3906 (50) – 41054 Marano sul Panaro (MO)</i></span></span></p>
</td>
<td bgcolor="#ffffff" width="172">
<p class="western"><span style="color: #00000a;"><span style="font-family: 'Times New Roman', serif;">Marano sul Panaro (MO)</span></span></p>
</td>
</tr>
<tr>
<td bgcolor="#ffffff" width="329">
<p class="western"><span style="color: #00000a;"><span style="font-family: 'Times New Roman', serif;">Az. Agr. Fini Gian Luca &#8211; </span></span><span style="color: #00000a;"><span style="font-family: 'Times New Roman', serif;"><i>Via Maranello, 33 – 41040 Polinago (MO)</i></span></span></p>
</td>
<td bgcolor="#ffffff" width="172">
<p class="western"><span style="color: #00000a;"><span style="font-family: 'Times New Roman', serif;">Polinago (MO)</span></span></p>
</td>
</tr>
<tr>
<td bgcolor="#ffffff" width="329">
<p class="western"><span style="color: #00000a;"><span style="font-family: 'Times New Roman', serif;">Società Agricola Borgo Maltidico di Riverzana &#8211; Via Castelfidardo, 2 Cap 42123 Reggio Emilia (RE) </span></span></p>
</td>
<td bgcolor="#ffffff" width="172">
<p class="western"><span style="color: #00000a;"><span style="font-family: 'Times New Roman', serif;">Reggio Emilia (RE)</span></span></p>
</td>
</tr>
<tr>
<td bgcolor="#ffffff" width="329">
<p class="western"><span style="color: #00000a;"><span style="font-family: 'Times New Roman', serif;">Societa Agricola  Persegona Carlo, Milena, Giuliano – Fraz. Pieve di Cusignano, 37 – 43036 Fidenza (PR)</span></span></p>
</td>
<td bgcolor="#ffffff" width="172">
<p class="western"><span style="color: #00000a;"><span style="font-family: 'Times New Roman', serif;">Fidenza (PR)</span></span></p>
</td>
</tr>
<tr>
<td bgcolor="#ffffff" width="329">
<p class="western"><span style="color: #00000a;"><span style="font-family: 'Times New Roman', serif;">Az. Agr. Iris di Avanzini Umberto Davide Iris e Cecchi Carolina &#8211; Via Torchio, 12, 43037 Lesignano Dè Bagni (PR)</span></span></p>
</td>
<td bgcolor="#ffffff" width="172">
<p class="western"><span style="color: #00000a;"><span style="font-family: 'Times New Roman', serif;">Lesignano Dè Bagni (PR)</span></span></p>
</td>
</tr>
<tr>
<td bgcolor="#ffffff" width="329">
<p class="western"><span style="color: #00000a;"><span style="font-family: 'Times New Roman', serif;">Az. Agr. PROGEO Sca</span></span></p>
</td>
<td bgcolor="#ffffff" width="172">
<p class="western"><span style="color: #00000a;"><span style="font-family: 'Times New Roman', serif;">Granarolo Emilia (BO)</span></span></p>
</td>
</tr>
<tr>
<td bgcolor="#ffffff" width="329">
<p class="western"><span style="color: #00000a;"><span style="font-family: 'Times New Roman', serif;">Az. Agr. PROGEO Sca</span></span></p>
</td>
<td bgcolor="#ffffff" width="172">
<p class="western"><span style="color: #00000a;"><span style="font-family: 'Times New Roman', serif;">Ganaceto (MO)</span></span></p>
</td>
</tr>
</tbody>
</table>
<p><strong>Obiettivi del progetto</strong><br />
L’obiettivo principale del progetto è quello di realizzare una attività sperimentale per impostare una filiera biologica di valorizzazione di frumenti teneri autoctoni e anticamente coltivati, principalmente attraverso attività di sperimentazione finalizzate alla riduzione degli input chimici e anche attraverso la valutazione delle specifiche caratteristiche organolettiche e nutrizionali che conferiscono alle farine.<br />
Il problema da affrontare è quello, di conseguenza, di valorizzare la filiera principalmente attraverso la riduzione degli input.Il risultato del progetto è quindi quello della creazione di un modello innovativo ad elevata sostenibilità ambientale per lo sviluppo e la valorizzazione di una filiera di frumenti teneri autoctoni e anticamente coltivati in produzione biologica, e coltivati anche con tecniche a bassi input (Cover Crop): i destinatari principali di questi risultati sono quindi i produttori agricoli, che potranno ottenere gli strumenti tecnici, ambientali ed economici per coltivare queste tipologie di frumenti.</p>
<p>&nbsp;</p>
<p><strong>Descrizione delle attività</strong><br />
Le azioni riguardano una attività di sperimentazione in campo, in coltivazione biologica, in modo da valutare la sostenibilità ambientale ed economica conseguente alla riduzione degli input, e individuare le caratteristiche agronomiche e nutrizionali più idonee. Seguirà, la valutazione delle diverse farine ottenute, mediante prove di panificazione e panel test.<br />
L’attività si completa con la realizzazione di innovazioni organizzative legate al confezionamento del prodotto finito (farina) e un articolato piano di divulgazione a livello territoriale, nazionale e internazionale.</p>
<p>&nbsp;</p>
<p>Nei primi due anni sono state realizzate le seguenti attività:<br />
a) l’attività di coordinamento, la raccolta di materiale informativo sull’attività di altri Gruppi Operativi, la realizzazione delle riunioni sulla prima e seconda annualità e la redazione dei verbali come indicato nel progetto;<br />
b) sono stati realizzati i rilievi e le analisi chimiche e reologiche della prova parcellare relativa alla prima e seconda annualità e i parcelloni per la moltiplicazione del seme;<br />
c) sono stati raccolti i risultati sulla sperimentazione relativa al mais, soia e terreno nudo lavorato con le Cover Crop in precessione, è stata realizzata l’analisi finale dei costi di produzione e sono state seminate successivamente alcune varietà antiche con una varietà moderna per confronto, nel periodo compreso tra Ottobre e Dicembre 2017;<br />
d) sono state seminate e raccolte una varietà antica e una moderna per confronto nelle aziende agricole e seminate nuovamente da ottobre a dicembre 2017;<br />
e) è stata realizzata una selezione di 4 tipologie di packaging nel primo anno e, nel secondo anno è stato scelto il packaging più idoneo come richiesto dal progetto;<br />
f) è stato realizzato l’incontro tecnico di presentazione dell’attività e dei primi risultati; è stata realizzata la scheda PEI sui risultati della prima seconda annualità e un report sulle attività in ambito PEI AGRI, è stata realizzata e sempre aggiornata la piattaforma web integrata con i Social Network realizzata nel primo anno visibile al link: http://progeo-antichevarieta.it/ ed è stata realizzata una Web App con i primi aggiornamenti;<br />
g) sono state realizzate la prima e la seconda giornata formativa con i produttori agricoli (5 Ottobre 2016 e 27 aprile 2017).[/vc_column_text][/vc_column][/vc_row]</p>

<p>[vc_row][vc_column][vc_column_text] Creazione di un modello sostenibile di best practices per la valorizzazione di varietà antiche di frumento tenero nella Regione Emilia Romagna &nbsp; PARTNERS DI PROGETTO: &#8211; PROGEO S.C.A. &#8211; UNIVERSITA’ DI BOLOGNA DIPARTIMENTO DI SCIENZE E TECNOLOGIE AGROALIMENTARI &#8211; UNIVERSITA’ DI PARMA DIPARTIMENTO DI SCIENZE DEGLI ALIMENTI &#8211; CO.NA.SE &#8211; AGRITES &#8211; FUTURA Az.</p>
